{"id":767,"date":"1943-01-01T12:25:58","date_gmt":"1943-01-01T10:25:58","guid":{"rendered":"https:\/\/botiga.bnc.cat\/?post_type=product&#038;p=767"},"modified":"2025-05-15T13:29:55","modified_gmt":"2025-05-15T11:29:55","slug":"homenaje-dedicado-al-exmo-senor-don-francisco-rodriguez-marin-en-27-de-enero-de-1943-con-motivo-del-lxxxviiio-aniversario-de-su-nacimiento-conferencia-pronunciada-en-la-inauguracion-de-la-exposicion","status":"publish","type":"product","link":"https:\/\/botiga.bnc.cat\/?product=homenaje-dedicado-al-exmo-senor-don-francisco-rodriguez-marin-en-27-de-enero-de-1943-con-motivo-del-lxxxviiio-aniversario-de-su-nacimiento-conferencia-pronunciada-en-la-inauguracion-de-la-exposicion","title":{"rendered":"Homenaje dedicado al Exmo. se\u00f1or don Francisco Rodr\u00edguez Mar\u00edn en 27 de enero de 1943 con motivo del LXXXVIII\u00ba aniversario de su nacimiento. Conferencia pronunciada en la inauguraci\u00f3n de la exposici\u00f3n bibliogr\u00e1fica y cat\u00e1logo de las obras del insigne cervantista"},"content":{"rendered":"","protected":false},"excerpt":{"rendered":"<p><span class=\"verdana_10_naranja_negrita\">Juan Givanel y Mas<\/span><br \/>\n<span class=\"verdana_10_nopadding\">1943<br \/>\n38 p., 16 x 23,3 cm<\/span><\/p>\n<p>Cat\u00e0legs d&#8217;Exposicions<\/p>\n","protected":false},"featured_media":748,"comment_status":"closed","ping_status":"closed","template":"","meta":[],"product_brand":[],"product_cat":[25],"product_tag":[],"class_list":{"0":"post-767","1":"product","2":"type-product","3":"status-publish","4":"has-post-thumbnail","6":"product_cat-catalegs-dexposicions","8":"first","9":"instock","10":"taxable","11":"shipping-taxable","12":"purchasable","13":"product-type-simple"},"_links":{"self":[{"href":"https:\/\/botiga.bnc.cat\/index.php?rest_route=\/wp\/v2\/product\/767","targetHints":{"allow":["GET"]}}],"collection":[{"href":"https:\/\/botiga.bnc.cat\/index.php?rest_route=\/wp\/v2\/product"}],"about":[{"href":"https:\/\/botiga.bnc.cat\/index.php?rest_route=\/wp\/v2\/types\/product"}],"replies":[{"embeddable":true,"href":"https:\/\/botiga.bnc.cat\/index.php?rest_route=%2Fwp%2Fv2%2Fcomments&post=767"}],"wp:featuredmedia":[{"embeddable":true,"href":"https:\/\/botiga.bnc.cat\/index.php?rest_route=\/wp\/v2\/media\/748"}],"wp:attachment":[{"href":"https:\/\/botiga.bnc.cat\/index.php?rest_route=%2Fwp%2Fv2%2Fmedia&parent=767"}],"wp:term":[{"taxonomy":"product_brand","embeddable":true,"href":"https:\/\/botiga.bnc.cat\/index.php?rest_route=%2Fwp%2Fv2%2Fproduct_brand&post=767"},{"taxonomy":"product_cat","embeddable":true,"href":"https:\/\/botiga.bnc.cat\/index.php?rest_route=%2Fwp%2Fv2%2Fproduct_cat&post=767"},{"taxonomy":"product_tag","embeddable":true,"href":"https:\/\/botiga.bnc.cat\/index.php?rest_route=%2Fwp%2Fv2%2Fproduct_tag&post=767"}],"curies":[{"name":"wp","href":"https:\/\/api.w.org\/{rel}","templated":true}]}}

Homenaje dedicado al Exmo. señor don Francisco Rodríguez Marín en 27 de enero de 1943 con motivo del LXXXVIIIº aniversario de su nacimiento. Conferencia pronunciada en la inauguración de la exposición bibliográfica y catálogo de las obras del insigne cervantista

<p><span class="verdana_10_naranja_negrita">Juan Givanel y Mas</span><br />
<span class="verdana_10_nopadding">1943<br />
38 p., 16 x 23,3 cm</span></p>
<p>Catàlegs d&#8217;Exposicions</p>
