{"id":741,"date":"1989-01-01T10:24:01","date_gmt":"1989-01-01T08:24:01","guid":{"rendered":"https:\/\/botiga.bnc.cat\/?post_type=product&#038;p=741"},"modified":"2025-05-15T11:16:11","modified_gmt":"2025-05-15T09:16:11","slug":"lantic-ms-279-de-la-catedral-de-valencia-amb-sermons-de-sant-vicenc-ferrer-perdut-durant-la-guerra-del-1936-1939-intent-de-reconstruccio-separata-del-butlleti-de-la-biblioteca-de-catalunya-vol","status":"publish","type":"product","link":"https:\/\/botiga.bnc.cat\/?product=lantic-ms-279-de-la-catedral-de-valencia-amb-sermons-de-sant-vicenc-ferrer-perdut-durant-la-guerra-del-1936-1939-intent-de-reconstruccio-separata-del-butlleti-de-la-biblioteca-de-catalunya-vol","title":{"rendered":"L&#8217;antic ms. 279 de la Catedral de Val\u00e8ncia, amb sermons de Sant Vicen\u00e7 Ferrer, perdut durant la guerra del 1936-1939. Intent de reconstrucci\u00f3 [separata del Butllet\u00ed de la Biblioteca de Catalunya. Volum X (1982-1984) 1986]"},"content":{"rendered":"","protected":false},"excerpt":{"rendered":"<p><span class=\"verdana_10_naranja_negrita\">Josep Perarnau i Espelt<\/span><br \/>\n<span class=\"verdana_10_nopadding\">1989<\/span><\/p>\n<p>Secci\u00f3 de Manuscrits<\/p>\n","protected":false},"featured_media":737,"comment_status":"closed","ping_status":"closed","template":"","meta":[],"product_brand":[],"product_cat":[30],"product_tag":[],"class_list":{"0":"post-741","1":"product","2":"type-product","3":"status-publish","4":"has-post-thumbnail","6":"product_cat-seccio-de-manuscrits","8":"first","9":"instock","10":"taxable","11":"shipping-taxable","12":"purchasable","13":"product-type-simple"},"_links":{"self":[{"href":"https:\/\/botiga.bnc.cat\/index.php?rest_route=\/wp\/v2\/product\/741","targetHints":{"allow":["GET"]}}],"collection":[{"href":"https:\/\/botiga.bnc.cat\/index.php?rest_route=\/wp\/v2\/product"}],"about":[{"href":"https:\/\/botiga.bnc.cat\/index.php?rest_route=\/wp\/v2\/types\/product"}],"replies":[{"embeddable":true,"href":"https:\/\/botiga.bnc.cat\/index.php?rest_route=%2Fwp%2Fv2%2Fcomments&post=741"}],"wp:featuredmedia":[{"embeddable":true,"href":"https:\/\/botiga.bnc.cat\/index.php?rest_route=\/wp\/v2\/media\/737"}],"wp:attachment":[{"href":"https:\/\/botiga.bnc.cat\/index.php?rest_route=%2Fwp%2Fv2%2Fmedia&parent=741"}],"wp:term":[{"taxonomy":"product_brand","embeddable":true,"href":"https:\/\/botiga.bnc.cat\/index.php?rest_route=%2Fwp%2Fv2%2Fproduct_brand&post=741"},{"taxonomy":"product_cat","embeddable":true,"href":"https:\/\/botiga.bnc.cat\/index.php?rest_route=%2Fwp%2Fv2%2Fproduct_cat&post=741"},{"taxonomy":"product_tag","embeddable":true,"href":"https:\/\/botiga.bnc.cat\/index.php?rest_route=%2Fwp%2Fv2%2Fproduct_tag&post=741"}],"curies":[{"name":"wp","href":"https:\/\/api.w.org\/{rel}","templated":true}]}}