{"id":5954,"date":"2023-03-30T16:24:28","date_gmt":"2023-03-30T14:24:28","guid":{"rendered":"https:\/\/botiga.bnc.cat\/?post_type=product&#038;p=5954"},"modified":"2023-04-27T11:02:36","modified_gmt":"2023-04-27T09:02:36","slug":"illustrissimes-dones-que-van-dibuixar-el-segle-xx","status":"publish","type":"product","link":"https:\/\/botiga.bnc.cat\/?product=illustrissimes-dones-que-van-dibuixar-el-segle-xx","title":{"rendered":"Il\u00b7lustr\u00edssimes: dones que van dibuixar el segle XX"},"content":{"rendered":"<p>Il\u00b7lustr\u00edssimes: dones que van dibuixar el segle XX<\/p>\n<p>Edici\u00f3 a cura d&#8217;Antoni Guiral i Roser Pint\u00f3<\/p>\n<p>2023<\/p>\n<p>136 p., 29,7 x 21 cm<\/p>\n<p>ISBN: 978-84-19695-08-06<\/p>\n","protected":false},"excerpt":{"rendered":"<p>Il\u00b7lustr\u00edssimes: dones que van dibuixar el segle XX Edici\u00f3 a cura d&#8217;Antoni Guiral i Roser Pint\u00f3 2023 136 p., 29,7 x 21 cm ISBN: 978-84-19695-08-06<\/p>\n","protected":false},"featured_media":5956,"comment_status":"closed","ping_status":"closed","template":"","meta":[],"product_brand":[],"product_cat":[57,34],"product_tag":[],"class_list":{"0":"post-5954","1":"product","2":"type-product","3":"status-publish","4":"has-post-thumbnail","6":"product_cat-colleccions","7":"product_cat-unitat-grafica","9":"first","10":"instock","11":"taxable","12":"shipping-taxable","13":"purchasable","14":"product-type-simple"},"_links":{"self":[{"href":"https:\/\/botiga.bnc.cat\/index.php?rest_route=\/wp\/v2\/product\/5954","targetHints":{"allow":["GET"]}}],"collection":[{"href":"https:\/\/botiga.bnc.cat\/index.php?rest_route=\/wp\/v2\/product"}],"about":[{"href":"https:\/\/botiga.bnc.cat\/index.php?rest_route=\/wp\/v2\/types\/product"}],"replies":[{"embeddable":true,"href":"https:\/\/botiga.bnc.cat\/index.php?rest_route=%2Fwp%2Fv2%2Fcomments&post=5954"}],"wp:featuredmedia":[{"embeddable":true,"href":"https:\/\/botiga.bnc.cat\/index.php?rest_route=\/wp\/v2\/media\/5956"}],"wp:attachment":[{"href":"https:\/\/botiga.bnc.cat\/index.php?rest_route=%2Fwp%2Fv2%2Fmedia&parent=5954"}],"wp:term":[{"taxonomy":"product_brand","embeddable":true,"href":"https:\/\/botiga.bnc.cat\/index.php?rest_route=%2Fwp%2Fv2%2Fproduct_brand&post=5954"},{"taxonomy":"product_cat","embeddable":true,"href":"https:\/\/botiga.bnc.cat\/index.php?rest_route=%2Fwp%2Fv2%2Fproduct_cat&post=5954"},{"taxonomy":"product_tag","embeddable":true,"href":"https:\/\/botiga.bnc.cat\/index.php?rest_route=%2Fwp%2Fv2%2Fproduct_tag&post=5954"}],"curies":[{"name":"wp","href":"https:\/\/api.w.org\/{rel}","templated":true}]}}