{"id":493,"date":"1943-01-01T14:35:26","date_gmt":"1943-01-01T12:35:26","guid":{"rendered":"https:\/\/botiga.bnc.cat\/?post_type=product&#038;p=493"},"modified":"2025-05-15T13:28:15","modified_gmt":"2025-05-15T11:28:15","slug":"la-musica-de-las-cantigas-de-santa-maria-del-rey-alfonso-el-sabio-volumen-ii-transcripcion-musical","status":"publish","type":"product","link":"https:\/\/botiga.bnc.cat\/?product=la-musica-de-las-cantigas-de-santa-maria-del-rey-alfonso-el-sabio-volumen-ii-transcripcion-musical","title":{"rendered":"La m\u00fasica de las Cantigas de Santa Mar\u00eda del Rey Alfonso el Sabio. Volumen II: Transcripci\u00f3n Musical"},"content":{"rendered":"","protected":false},"excerpt":{"rendered":"<p>1943<br \/>\n608 p., 24,5 x 37 cm<\/p>\n<p>Secci\u00f3 de M\u00fasica<\/p>\n","protected":false},"featured_media":850,"comment_status":"closed","ping_status":"closed","template":"","meta":[],"product_brand":[],"product_cat":[31],"product_tag":[58],"class_list":{"0":"post-493","1":"product","2":"type-product","3":"status-publish","4":"has-post-thumbnail","6":"product_cat-seccio-de-musica","7":"product_tag-publicacio-digital-gratuita","9":"first","10":"instock","11":"downloadable","12":"virtual","13":"taxable","14":"product-type-simple"},"_links":{"self":[{"href":"https:\/\/botiga.bnc.cat\/index.php?rest_route=\/wp\/v2\/product\/493","targetHints":{"allow":["GET"]}}],"collection":[{"href":"https:\/\/botiga.bnc.cat\/index.php?rest_route=\/wp\/v2\/product"}],"about":[{"href":"https:\/\/botiga.bnc.cat\/index.php?rest_route=\/wp\/v2\/types\/product"}],"replies":[{"embeddable":true,"href":"https:\/\/botiga.bnc.cat\/index.php?rest_route=%2Fwp%2Fv2%2Fcomments&post=493"}],"wp:featuredmedia":[{"embeddable":true,"href":"https:\/\/botiga.bnc.cat\/index.php?rest_route=\/wp\/v2\/media\/850"}],"wp:attachment":[{"href":"https:\/\/botiga.bnc.cat\/index.php?rest_route=%2Fwp%2Fv2%2Fmedia&parent=493"}],"wp:term":[{"taxonomy":"product_brand","embeddable":true,"href":"https:\/\/botiga.bnc.cat\/index.php?rest_route=%2Fwp%2Fv2%2Fproduct_brand&post=493"},{"taxonomy":"product_cat","embeddable":true,"href":"https:\/\/botiga.bnc.cat\/index.php?rest_route=%2Fwp%2Fv2%2Fproduct_cat&post=493"},{"taxonomy":"product_tag","embeddable":true,"href":"https:\/\/botiga.bnc.cat\/index.php?rest_route=%2Fwp%2Fv2%2Fproduct_tag&post=493"}],"curies":[{"name":"wp","href":"https:\/\/api.w.org\/{rel}","templated":true}]}}