{"id":1185,"date":"2015-01-01T12:02:39","date_gmt":"2015-01-01T10:02:39","guid":{"rendered":"https:\/\/botiga.bnc.cat\/?post_type=product&#038;p=1185"},"modified":"2023-07-17T11:10:57","modified_gmt":"2023-07-17T09:10:57","slug":"les-croniques-catalanes","status":"publish","type":"product","link":"https:\/\/botiga.bnc.cat\/?product=les-croniques-catalanes","title":{"rendered":"Les Cr\u00f2niques catalanes"},"content":{"rendered":"<p>&nbsp;<\/p>\n<p>&nbsp;<\/p>\n","protected":false},"excerpt":{"rendered":"<p>Disponible a <a href=\"https:\/\/books.apple.com\/es\/book\/les-cr%C3%B2niques-catalanes\/id1221235656\" target=\"_blank\" rel=\"noopener\"><strong>Itunes<\/strong><\/a> i <a href=\"https:\/\/play.google.com\/store\/books\/details\/ohDigital_Les_cr%C3%B2niques_catalanes?id=rFkTCwAAQBAJ\" target=\"_blank\" rel=\"noopener\"><strong>Google Play<\/strong><\/a><\/p>\n<p>Coordinaci\u00f3 de l&#8217;obra: N\u00faria Altarriba<\/p>\n<p>Coordinaci\u00f3 d&#8217;entrevistes i selecci\u00f3 de recursos: Almudena Blasco Vall\u00e9s<\/p>\n<p>S\u00edntesi i bibliografia de les cr\u00f2niques: T\u00e0nia Alaix i Gimbert<\/p>\n<p>Barcelona : Generalitat de Catalunya, Departament de Cultura : Biblioteca de Catalunya, 2015<br \/>\n183 p\u00e0gines.<\/p>\n<p>Escrits i mem\u00f2ria ; 1<\/p>\n<p>&nbsp;<\/p>\n","protected":false},"featured_media":1186,"comment_status":"closed","ping_status":"closed","template":"","meta":[],"product_brand":[],"product_cat":[55],"product_tag":[58],"class_list":{"0":"post-1185","1":"product","2":"type-product","3":"status-publish","4":"has-post-thumbnail","6":"product_cat-escrits-i-memoria","7":"product_tag-publicacio-digital-gratuita","9":"first","10":"instock","11":"virtual","12":"product-type-simple"},"_links":{"self":[{"href":"https:\/\/botiga.bnc.cat\/index.php?rest_route=\/wp\/v2\/product\/1185","targetHints":{"allow":["GET"]}}],"collection":[{"href":"https:\/\/botiga.bnc.cat\/index.php?rest_route=\/wp\/v2\/product"}],"about":[{"href":"https:\/\/botiga.bnc.cat\/index.php?rest_route=\/wp\/v2\/types\/product"}],"replies":[{"embeddable":true,"href":"https:\/\/botiga.bnc.cat\/index.php?rest_route=%2Fwp%2Fv2%2Fcomments&post=1185"}],"wp:featuredmedia":[{"embeddable":true,"href":"https:\/\/botiga.bnc.cat\/index.php?rest_route=\/wp\/v2\/media\/1186"}],"wp:attachment":[{"href":"https:\/\/botiga.bnc.cat\/index.php?rest_route=%2Fwp%2Fv2%2Fmedia&parent=1185"}],"wp:term":[{"taxonomy":"product_brand","embeddable":true,"href":"https:\/\/botiga.bnc.cat\/index.php?rest_route=%2Fwp%2Fv2%2Fproduct_brand&post=1185"},{"taxonomy":"product_cat","embeddable":true,"href":"https:\/\/botiga.bnc.cat\/index.php?rest_route=%2Fwp%2Fv2%2Fproduct_cat&post=1185"},{"taxonomy":"product_tag","embeddable":true,"href":"https:\/\/botiga.bnc.cat\/index.php?rest_route=%2Fwp%2Fv2%2Fproduct_tag&post=1185"}],"curies":[{"name":"wp","href":"https:\/\/api.w.org\/{rel}","templated":true}]}}

Les Cròniques catalanes

<p>Disponible a <a href="https://books.apple.com/es/book/les-cr%C3%B2niques-catalanes/id1221235656" target="_blank" rel="noopener"><strong>Itunes</strong></a> i <a href="https://play.google.com/store/books/details/ohDigital_Les_cr%C3%B2niques_catalanes?id=rFkTCwAAQBAJ" target="_blank" rel="noopener"><strong>Google Play</strong></a></p>
<p>Coordinació de l&#8217;obra: Núria Altarriba</p>
<p>Coordinació d&#8217;entrevistes i selecció de recursos: Almudena Blasco Vallés</p>
<p>Síntesi i bibliografia de les cròniques: Tània Alaix i Gimbert</p>
<p>Barcelona : Generalitat de Catalunya, Departament de Cultura : Biblioteca de Catalunya, 2015<br />
183 pàgines.</p>
<p>Escrits i memòria ; 1</p>
<p>&nbsp;</p>
